8) + -13) is divided by 18 + 0 - (0 + (-3 - -1))?
11
Suppose 0 = -32*m + 1681 - 499 + 3874. What is the remainder when 17694 is divided by m?
156
Suppose -2*j + 5*h + 31 = 0, 5*j = 4*h + 77 + 9. Calculate the remainder when 38 is divided by 8/36 + 140/j.
6
Let o = -37 - -88. Suppose -12*d - o = -135. What is the remainder when 19 is divided by d?
5
Suppose -6*s - 12 = 0, 0 = -52*k + 57*k - 2*s - 164. Calculate the remainder when 136 is divided by k.
8
Suppose -7*v = -12*v - 37*v. Suppose t = -3*h - h + 68, -3*h - 5*t + 68 = v. Calculate the remainder when h is divided by 15.
1
Suppose -22929*t = -22916*t - 325. Suppose -2*n + 300 = 102. What is the remainder when n is divided by t?
24
Suppose -4*b - 5*r + 2*r = -92, 3*b + 3*r = 72. Suppose 0*q = -q + 2*g + b, -2*g = 0. What is the remainder when 77 is divided by q?
17
Calculate the remainder when 26*16/(-4)*(21/28 + -11) is divided by 67.
61
Suppose -123*r + 50007 + 69213 = -29487. What is the remainder when r is divided by 55?
54
Suppose 2990 = 5*z - 5*l, -12*l + 592 = z - 11*l. What is the remainder when z is divided by 203?
189
Let d(p) = 16*p**3 + 2*p**2 - 9*p + 27. What is the remainder when d(3) is divided by 100?
50
Let a = 325 - 237. Suppose -66 = -11*t + a. What is the remainder when 181 is divided by t?
13
Suppose 0 = 3*d - 4*c - 106, 4*c - 5*c = -5. Let z(t) = -2*t**3 - t**2 - 3*t + 10. What is the remainder when z(-5) is divided by d?
40
Let b(s) = -24 + 0*s**3 + 4*s**3 - 6*s**2 - s**3 - 4*s**3 - 7*s. Suppose -t + 8 = -y - 0*t, 20 = -3*y + t. What is the remainder when b(y) is divided by 7?
4
Let r(p) = p**3 + 14. Let y = 155 - 75. What is the remainder when r(0) is divided by y/8 + -5 + 1?
2
Let p(o) = 13*o - 64. Suppose -3815 = -12*w + 373. What is the remainder when w is divided by p(6)?
13
Suppose -12*m + 11162 - 3602 = 0. What is the remainder when m is divided by 128?
118
Let y = -25 - -30. Suppose -3*h + 0*i + 2*i = -35, -28 = -2*h - i. Calculate the remainder when h is divided by y.
3
Suppose -7*a + 52 = -5*a. Let s = -24 - -26. Suppose 5*k = -d - d + 257, 100 = s*k - 2*d. What is the remainder when k is divided by a?
25
Let v be (-17 + -22)*(0 + 1 + -2). Let n = v + -35. Suppose 4*q - q + n*r - 64 = 0, -5*q - 3*r = -103. Calculate the remainder when 53 is divided by q.
13
Suppose -155 = -3*v - 5*z, -277 = -10*v + 5*z + 218. Calculate the remainder when (-1)/4 - (-1090)/8 is divided by v.
36
Let h(b) = 3*b + 32. Let y(p) = p**3 - p**2 - 4*p - 6. Let i be y(3). Calculate the remainder when h(i) is divided by 13.
6
Suppose -3*a - 35 = -3*b + 76, 3*a + 76 = -4*b. What is the remainder when 66 is divided by a - -43 - (0 - 6)?
15
Let c(m) = 4*m + 85. Let f be c(0). Let s = f - 6. Suppose 74*g - s*g + 5 = 0. Calculate the remainder when 5 is divided by g.
0
Let f(g) = -139*g - 48. Suppose 5*m + 7*k - 135 = 10*k, 170 = 5*m + 4*k. Calculate the remainder when f(-2) is divided by m.
20
Suppose c = -5*l - 16 + 36, 2*l + 14 = 0. Calculate the remainder when 2537 is divided by c.
7
Let i = -12 + 12. Suppose 3*n = -i*n + 3. Calculate the remainder when 28 is divided by n + -3 - 9/(-1).
0
Let k = -7686 - -7715. What is the remainder when 1051 is divided by k?
7
Let q = -141 + 141. Suppose -o = c - 16, q*o + 4*c + 48 = 3*o. Suppose -4*y + 56 = 3*s - 60, s = -3*y + 37. Calculate the remainder when s is divided by o.
8
Let k(x) = 5*x**2 + 257*x + 396. Calculate the remainder when k(-53) is divided by 6.
4
Suppose 4*h = 972 - 1052, 5*h = -4*r + 108. Let o be (4/(-5))/((-2)/5). What is the remainder when (-1)/2 - (-413)/o is divided by r?
50
Suppose -39*h = -33*h - 48. Suppose 6*y - 224 = -h. What is the remainder when 105 is divided by y?
33
Suppose -59426 + 223268 = 181*o - 15*o. Calculate the remainder when o is divided by 45.
42
Let m(z) = 58*z**2 + 9*z + 26. What is the remainder when 576 is divided by m(-2)?
96
Let r = 67 - 37. Let o = -27 + r. Calculate the remainder when (1/3)/((-1)/(-39)) is divided by o.
1
Let c(t) = -116*t**3 + 6*t**2 + 121*t + 466. Calculate the remainder when c(-4) is divided by 56.
54
Let d = -612 + 612. Let q = 6 + -3. Suppose -b = -q*c + 94, d*c - 3*c + 102 = 3*b. What is the remainder when 59 is divided by c?
27
Let z(v) = v - 1. Let p be z(3). Suppose -6*y + p = -4. Calculate the remainder when 6 is divided by y*(3 - -2) - (0 - -2).
0
Let a(y) = 2164*y**3 + y**2 + 343*y - 343. Calculate the remainder when a(1) is divided by 11.
9
Suppose 5*d = 14*l - 10*l + 75, 3*l - 110 = -5*d. Calculate the remainder when 340 is divided by d.
17
Suppose 0*m = -17*m. Suppose 5*d = -2*i + 112, d = -m*d + 2*i + 32. What is the remainder when 115 is divided by d?
19
Let u = -769 + 1042. Calculate the remainder when u is divided by 268.
5
Let w = -50 - -199. Suppose w = -o + 160. What is the remainder when 52 is divided by o?
8
Suppose 2*b - 59 = -3. Let k(i) = -i**3 + 4*i**2 - 862*i - 1733. Calculate the remainder when b is divided by k(-2).
13
Let s(u) = -u**3 - 23*u**2 + 59*u + 239. Suppose -5*q - 3*n + 2275 = -7*n, -3*n = -q + 444. Calculate the remainder when q is divided by s(-25).
11
Calculate the remainder when 113 is divided by -2 + 5 + 10*(6 - 63/(-35)).
32
Let w = -11016 - -12563. What is the remainder when w is divided by 1528?
19
Suppose 31*w - 25 - 37 = 0. Suppose -2*q = 5*v - 346, -w*q - 3*v = 3*q - 827. What is the remainder when q is divided by 22?
9
Let b(k) = -4*k - 45. Let w = -51 - -33. Calculate the remainder when 123 is divided by b(w).
15
Suppose 0 = -5*i + i + 80. Let z = -217 - -531. Suppose 5*j + 198 = 3*s - z, 189 = s + 2*j. What is the remainder when s is divided by i?
19
Let t(m) = 2*m + 42. What is the remainder when 447 is divided by t(5)?
31
Let x(l) = 8*l + 26. Let t be x(-5). Let p = t - -48. What is the remainder when (65 - -2)/((-1)/(-2)) is divided by p?
32
Suppose 0 = 3*v + 2*h - 287, 6*v - 295 = 3*v + 2*h. Let f = 107 - v. Calculate the remainder when 46 is divided by f.
6
Let p = 3136 - 3126. Calculate the remainder when 1379 is divided by p.
9
Let c(m) = -m**2 + 20*m - 47. Let v be c(17). What is the remainder when -5 - (v - 1868/(-20))*-5 is divided by 69?
68
Suppose -5*h - 15 = -p - 22, h = -4*p + 77. What is the remainder when p is divided by ((-30)/8)/(-3 - (-126)/48)?
8
Let g = -9 - -31. Calculate the remainder when g is divided by ((-8)/(-6))/(12/108).
10
Suppose -5*p = x + 21, 78*p - 87 = -5*x + 77*p. Let t(w) = 2*w**2 + 5*w - 4. What is the remainder when x is divided by t(-4)?
3
What is the remainder when 1 + 8 + 246 + 13 + -11 is divided by 112?
33
Let h = 339 - 330. Suppose h*d - 3220 = -25. Calculate the remainder when d is divided by 51.
49
Let v = 47 + -9. Let u = -32 + v. Suppose 1 + 39 = j - 4*d, -80 = -2*j + d. Calculate the remainder when j is divided by u.
4
Let d(u) = -u**3 + 3*u**2 + 35*u + 114. What is the remainder when 419 is divided by d(-6)?
191
Calculate the remainder when ((-356)/(-13))/((-236)/(-1534)) is divided by 45.
43
Let w be (5/3)/(-5) + (-1443)/(-9). Let g = w + -92. Suppose -4*b = -0*c - c - g, 3*c = 12. What is the remainder when 53 is divided by b?
17
Suppose -2*o - 10 = 0, 2*u + 0*o - 5*o = 35. Suppose -5*x = 4*s - 128, u*s = 6*s + x - 32. Let c = 33 + -16. What is the remainder when s is divided by c?
15
Suppose 4*k - 107 = -5*f, 13*f + 13 = 14*f - 2*k. Let h = f - -187. Calculate the remainder when h is divided by 19.
16
Suppose b = -q + 151, 0 = 2*b - 4*q - 356 + 78. Suppose -162 - b = -3*x. What is the remainder when x is divided by 35?
33
Suppose -5*m = -2*c + 14, -7 = 2*c + 5*m - 1. Suppose 2*f + d = -12 + 65, c*d = -3*f + 77. What is the remainder when 375 is divided by f?
27
Let j(k) = -2*k**2 + 68*k + 74. Let d be j(35). Suppose -526 = -2*s - 2*h, s = -6*h + d*h + 259. Calculate the remainder when s is divided by 90.
87
Let i be (-2068)/(-16) + (-3)/(-4) + 0. Let a be 20566/i + (-1)/5. What is the remainder when -2 - a/(-5 + 3) is divided by 13?
12
Let p(x) = -x**3 + 16*x**2 + 66*x - 1000. What is the remainder when 1266 is divided by p(14)?
2
Suppose -669*n = -778*n + 9047. Calculate the remainder when n is divided by 22.
17
Suppose -33*c + 49725 = 120*c. Calculate the remainder when c is divided by 122.
81
Let w(q) = 95*q - 1160. Let t(r) = r**3 - 13*r**2 + 13*r - 5. Calculate the